{"id":195,"date":"2023-06-09T16:53:24","date_gmt":"2023-06-09T16:53:24","guid":{"rendered":"https:\/\/www.sadalone.org\/2023\/?page_id=195"},"modified":"2023-07-12T19:13:11","modified_gmt":"2023-07-12T19:13:11","slug":"el-qvixote-sin-don-quijote-2016","status":"publish","type":"page","link":"https:\/\/www.sadalone.org\/2023\/publicaciones\/el-qvixote-sin-don-quijote-2016\/","title":{"rendered":"El Qvixote sin don Quijote (2016)"},"content":{"rendered":"<ul>\n<li><span style=\"font-family: 'trebuchet ms', geneva, sans-serif; font-size: 16px;\"><strong>El Qvixote sin don Qvijote<\/strong> (edici\u00f3n, introducci\u00f3n y notas)<\/span><\/li>\n<li><span style=\"font-family: 'trebuchet ms', geneva, sans-serif; font-size: 16px;\">Primera edici\u00f3n: abril, 2016<\/span><\/li>\n<li><span style=\"font-family: 'trebuchet ms', geneva, sans-serif; font-size: 16px;\">ISBN: 978-84-944745-4-5 \/ Dep\u00f3sito Legal: GC 185-2016<\/span><\/li>\n<li><span style=\"font-family: 'trebuchet ms', geneva, sans-serif; font-size: 16px;\">Mercurio Editorial<\/span><\/li>\n<li><span style=\"font-family: 'trebuchet ms', geneva, sans-serif; font-size: 16px;\">Bibliotecas: <a href=\"https:\/\/accedacris.ulpgc.es\/handle\/10553\/55896\" target=\"_blank\" rel=\"noopener\">AccedaCRIS-ULPGC.ES<\/a>.<\/span><\/li>\n<\/ul>\n<p><img loading=\"lazy\" decoding=\"async\" class=\"alignnone size-full wp-image-441 aligncenter\" src=\"https:\/\/www.sadalone.org\/2023\/wp-content\/uploads\/2023\/07\/el-Qvixote_sin_don-Qvijote.png\" alt=\"\" width=\"300\" height=\"447\" srcset=\"https:\/\/www.sadalone.org\/2023\/wp-content\/uploads\/2023\/07\/el-Qvixote_sin_don-Qvijote.png 300w, https:\/\/www.sadalone.org\/2023\/wp-content\/uploads\/2023\/07\/el-Qvixote_sin_don-Qvijote-201x300.png 201w\" sizes=\"auto, (max-width: 300px) 100vw, 300px\" \/><\/p>\n<hr style=\"background-color: #000000;\" \/>\n<p align=\"justify\"><span style=\"font-family: 'trebuchet ms', geneva, sans-serif; font-size: 16px;\">\u00bfY si pedimos a don Quijote y Sancho Panza, con todo el respeto que sus insignes figuras nos merecen, que se hagan a un lado para que podamos ver a los otros transe\u00fantes textuales que caminan junto a ellos en las dos partes de la c\u00e9lebre novela cervantina que protagonizan? La luz que desprenden don Quijote y Sancho Panza es tan cegadora como envolvente; y se hace muy dif\u00edcil, en unos casos, y muy antip\u00e1tico, en otros, abandonar la zona de confort que ofrecen al lector, quien se ve atra\u00eddo irremediablemente por estos personajes hasta el punto de hallar en ellos la calidez y el bienestar que justifican el que les prestemos todas nuestras atenciones, olvid\u00e1ndonos as\u00ed de aquellos que no dudamos en reconocer como figurantes. [&#8230;] En cualquier caso, la experiencia lectora durante el dichoso d\u00eda me ha permitido encontrar otro Quijote dentro del Quijote: una suerte de excelentes textos, tanto en prosa como en verso, que han tenido la fortuna y la desgracia de habitar en las p\u00e1ginas de la inmortal novela: lo bueno de la circunstancia, el que se sepa que existen gracias a que forman parte de la primera de las obras literarias de ficci\u00f3n literaria de la Humanidad; lo malo, el que los lectores, de manera m\u00e1s o menos expl\u00edcita, optemos en la mayor\u00eda de nuestras relecturas por pasar las p\u00e1ginas hasta que vuelven a aparecer quienes moran en nuestras complacencias, el hidalgo y el labrador manchegos. \u00bfLo hacemos porque nos disgustan estos escritos que calificamos de ajenos? No, ni much\u00edsimo menos, pues son modelos incuestionables en su prop\u00f3sito de <em>docere et delectare<\/em>; no, la verdad es que no nos molestan estos textos, lo que sucede es que nos gustan much\u00edsimo m\u00e1s las p\u00e1ginas que iluminan don Quijote y Sancho.<\/span><\/p>\n<hr style=\"background-color: #000000;\" \/>\n<p><div><iframe loading=\"lazy\" class=\"embed-pdf-viewer\" src=\"https:\/\/www.sadalone.org\/2023\/biblioteca\/vsantanasanjurjo_Introduccion_El-Quijote-sin-don-Quijote.pdf\" height=\"938\" width=\"100%\" title=\"Vsantanasanjurjo Introduccion El Quijote Sin Don Quijote\"><\/iframe><\/p>\n<p><a href=\"https:\/\/www.sadalone.org\/2023\/biblioteca\/vsantanasanjurjo_Introduccion_El-Quijote-sin-don-Quijote.pdf\" title=\"Vsantanasanjurjo Introduccion El Quijote Sin Don Quijote\">Vsantanasanjurjo Introduccion El Quijote Sin Don Quijote<\/a><\/p>\n<\/div>\n","protected":false},"excerpt":{"rendered":"<p>El Qvixote sin don Qvijote (edici\u00f3n, introducci\u00f3n y notas) Primera edici\u00f3n: abril, 2016 ISBN: 978-84-944745-4-5 \/ Dep\u00f3sito Legal: GC 185-2016 Mercurio Editorial Bibliotecas: AccedaCRIS-ULPGC.ES. \u00bfY si pedimos a don Quijote [&hellip;]<\/p>\n","protected":false},"author":1,"featured_media":0,"parent":86,"menu_order":0,"comment_status":"closed","ping_status":"closed","template":"","meta":{"_crdt_document":"","footnotes":""},"class_list":["post-195","page","type-page","status-publish","hentry"],"jetpack_sharing_enabled":true,"_links":{"self":[{"href":"https:\/\/www.sadalone.org\/2023\/wp-json\/wp\/v2\/pages\/195","targetHints":{"allow":["GET"]}}],"collection":[{"href":"https:\/\/www.sadalone.org\/2023\/wp-json\/wp\/v2\/pages"}],"about":[{"href":"https:\/\/www.sadalone.org\/2023\/wp-json\/wp\/v2\/types\/page"}],"author":[{"embeddable":true,"href":"https:\/\/www.sadalone.org\/2023\/wp-json\/wp\/v2\/users\/1"}],"replies":[{"embeddable":true,"href":"https:\/\/www.sadalone.org\/2023\/wp-json\/wp\/v2\/comments?post=195"}],"version-history":[{"count":3,"href":"https:\/\/www.sadalone.org\/2023\/wp-json\/wp\/v2\/pages\/195\/revisions"}],"predecessor-version":[{"id":445,"href":"https:\/\/www.sadalone.org\/2023\/wp-json\/wp\/v2\/pages\/195\/revisions\/445"}],"up":[{"embeddable":true,"href":"https:\/\/www.sadalone.org\/2023\/wp-json\/wp\/v2\/pages\/86"}],"wp:attachment":[{"href":"https:\/\/www.sadalone.org\/2023\/wp-json\/wp\/v2\/media?parent=195"}],"curies":[{"name":"wp","href":"https:\/\/api.w.org\/{rel}","templated":true}]}}