{"id":205,"date":"2023-06-09T16:56:52","date_gmt":"2023-06-09T16:56:52","guid":{"rendered":"https:\/\/www.sadalone.org\/2023\/?page_id=205"},"modified":"2023-07-12T20:00:58","modified_gmt":"2023-07-12T20:00:58","slug":"ninfas-y-pastores-de-henares-edicion-2011","status":"publish","type":"page","link":"https:\/\/www.sadalone.org\/2023\/publicaciones\/ninfas-y-pastores-de-henares-edicion-2011\/","title":{"rendered":"Ninfas y pastores de Henares, edici\u00f3n (2011)"},"content":{"rendered":"<ul>\n<li><span style=\"font-family: 'trebuchet ms', geneva, sans-serif; font-size: 16px;\"><strong>Ninfas y pastores de Henares<\/strong> de Bernardo Gonz\u00e1lez de Bobadilla (edici\u00f3n, introducci\u00f3n y notas)<\/span><\/li>\n<li><span style=\"font-family: 'trebuchet ms', geneva, sans-serif; font-size: 16px;\">Primera edici\u00f3n: diciembre, 2011<\/span><\/li>\n<li><span style=\"font-family: 'trebuchet ms', geneva, sans-serif; font-size: 16px;\">Mercurio Editorial.<\/span><\/li>\n<li><span style=\"font-family: 'trebuchet ms', geneva, sans-serif; font-size: 16px;\">ISBN: 978-84-15148-74-6 \/ Dep\u00f3sito Legal: GC 740-2011<\/span><\/li>\n<li><span style=\"font-family: 'trebuchet ms', geneva, sans-serif; font-size: 16px;\">Bibliotecas: <a href=\"https:\/\/accedacris.ulpgc.es\/handle\/10553\/57753\" target=\"_blank\" rel=\"noopener\">AccedaCRIS-ULPGC.ES<\/a>.\u00a0<\/span><\/li>\n<\/ul>\n<p><img loading=\"lazy\" decoding=\"async\" class=\"alignnone size-full wp-image-265 aligncenter\" src=\"https:\/\/www.sadalone.org\/2023\/wp-content\/uploads\/2023\/06\/vsantanasanjurjo_edicion-NYPH.png\" alt=\"\" width=\"300\" height=\"447\" srcset=\"https:\/\/www.sadalone.org\/2023\/wp-content\/uploads\/2023\/06\/vsantanasanjurjo_edicion-NYPH.png 300w, https:\/\/www.sadalone.org\/2023\/wp-content\/uploads\/2023\/06\/vsantanasanjurjo_edicion-NYPH-201x300.png 201w\" sizes=\"auto, (max-width: 300px) 100vw, 300px\" \/><\/p>\n<hr style=\"background-color: #000000;\" \/>\n<p align=\"justify\"><span style=\"font-family: 'trebuchet ms', geneva, sans-serif; font-size: 16px;\">Este tomo recoge la edici\u00f3n de <em>Ninfas y pastores de Henares<\/em>\u00a0de Bernardo Gonz\u00e1lez de Bobadilla que realizamos en 2011 y que, como \u00faltimo tomo, forma parte de la trilog\u00eda dedicada a esta obra y a este autor del siglo XVI. \u2018An\u00e1lisis paratextual de Ninfas y pastores de Henares de Bernardo Gonz\u00e1lez de Bobadilla\u2019 y \u2018El g\u00e9nero pastoril a trav\u00e9s de Ninfas y pastores de Henares de Bernardo Gonz\u00e1lez de Bobadilla\u2019 son los dos tomos que preceden a este.<\/span><\/p>\n<hr style=\"background-color: #000000;\" \/>\n<p><div><iframe loading=\"lazy\" class=\"embed-pdf-viewer\" src=\"https:\/\/www.sadalone.org\/2023\/biblioteca\/vsantanasanjurjo_edicion_NYPH_2011.pdf\" height=\"938\" width=\"100%\" title=\"Vsantanasanjurjo Edicion NYPH 2011\"><\/iframe><\/p>\n<p><a href=\"https:\/\/www.sadalone.org\/2023\/biblioteca\/vsantanasanjurjo_edicion_NYPH_2011.pdf\" title=\"Vsantanasanjurjo Edicion NYPH 2011\">Vsantanasanjurjo Edicion NYPH 2011<\/a><\/p>\n<\/div>\n","protected":false},"excerpt":{"rendered":"<p>Ninfas y pastores de Henares de Bernardo Gonz\u00e1lez de Bobadilla (edici\u00f3n, introducci\u00f3n y notas) Primera edici\u00f3n: diciembre, 2011 Mercurio Editorial. ISBN: 978-84-15148-74-6 \/ Dep\u00f3sito Legal: GC 740-2011 Bibliotecas: AccedaCRIS-ULPGC.ES.\u00a0 Este [&hellip;]<\/p>\n","protected":false},"author":1,"featured_media":0,"parent":86,"menu_order":0,"comment_status":"closed","ping_status":"closed","template":"","meta":{"_crdt_document":"","footnotes":""},"class_list":["post-205","page","type-page","status-publish","hentry"],"jetpack_sharing_enabled":true,"_links":{"self":[{"href":"https:\/\/www.sadalone.org\/2023\/wp-json\/wp\/v2\/pages\/205","targetHints":{"allow":["GET"]}}],"collection":[{"href":"https:\/\/www.sadalone.org\/2023\/wp-json\/wp\/v2\/pages"}],"about":[{"href":"https:\/\/www.sadalone.org\/2023\/wp-json\/wp\/v2\/types\/page"}],"author":[{"embeddable":true,"href":"https:\/\/www.sadalone.org\/2023\/wp-json\/wp\/v2\/users\/1"}],"replies":[{"embeddable":true,"href":"https:\/\/www.sadalone.org\/2023\/wp-json\/wp\/v2\/comments?post=205"}],"version-history":[{"count":3,"href":"https:\/\/www.sadalone.org\/2023\/wp-json\/wp\/v2\/pages\/205\/revisions"}],"predecessor-version":[{"id":454,"href":"https:\/\/www.sadalone.org\/2023\/wp-json\/wp\/v2\/pages\/205\/revisions\/454"}],"up":[{"embeddable":true,"href":"https:\/\/www.sadalone.org\/2023\/wp-json\/wp\/v2\/pages\/86"}],"wp:attachment":[{"href":"https:\/\/www.sadalone.org\/2023\/wp-json\/wp\/v2\/media?parent=205"}],"curies":[{"name":"wp","href":"https:\/\/api.w.org\/{rel}","templated":true}]}}