{"id":207,"date":"2023-06-09T16:57:35","date_gmt":"2023-06-09T16:57:35","guid":{"rendered":"https:\/\/www.sadalone.org\/2023\/?page_id=207"},"modified":"2023-07-12T20:07:02","modified_gmt":"2023-07-12T20:07:02","slug":"el-genero-pastoril-a-traves-de-ninfas-y-pastores-de-henares-2011","status":"publish","type":"page","link":"https:\/\/www.sadalone.org\/2023\/publicaciones\/el-genero-pastoril-a-traves-de-ninfas-y-pastores-de-henares-2011\/","title":{"rendered":"El g\u00e9nero pastoril a trav\u00e9s de &#8216;Ninfas y pastores de Henares&#8217; (2011)"},"content":{"rendered":"<ul>\n<li>El g\u00e9nero pastoril a trav\u00e9s de\u00a0Ninfas y pastores de Henares de Bernardo Gonz\u00e1lez de Bobadilla<\/li>\n<li>Primera edici\u00f3n: octubre, 2011<\/li>\n<li>Mercurio Editorial<\/li>\n<li>ISBN: 978-84-15148-62-3 \/ Dep\u00f3sito Legal: GC 521-2011<\/li>\n<li>Bibliotecas: <a href=\"https:\/\/accedacris.ulpgc.es\/handle\/10553\/57751\" target=\"_blank\" rel=\"noopener\">AccedaCRIS-ULPGC.ES<\/a>.<\/li>\n<\/ul>\n<p><img loading=\"lazy\" decoding=\"async\" class=\"alignnone size-full wp-image-266 aligncenter\" src=\"https:\/\/www.sadalone.org\/2023\/wp-content\/uploads\/2023\/06\/vsantanasanjurjo_el-genero-pastoril.png\" alt=\"\" width=\"300\" height=\"447\" srcset=\"https:\/\/www.sadalone.org\/2023\/wp-content\/uploads\/2023\/06\/vsantanasanjurjo_el-genero-pastoril.png 300w, https:\/\/www.sadalone.org\/2023\/wp-content\/uploads\/2023\/06\/vsantanasanjurjo_el-genero-pastoril-201x300.png 201w\" sizes=\"auto, (max-width: 300px) 100vw, 300px\" \/><\/p>\n<hr style=\"background-color: #000000;\" \/>\n<p align=\"justify\">Este tomo recoge el segundo tomo de la trilog\u00eda dedicada a <em>Ninfas y pastores de Henares<\/em> (1547) y a su autor, Bernardo Gonz\u00e1lez de Bobadilla. Precede a este t\u00edtulo: \u2018An\u00e1lisis paratextual de Ninfas y pastores de Henares de Bernardo Gonz\u00e1lez de Bobadilla\u2019; y le sigue la edici\u00f3n de la novela pastoril citada. Entre otros contenidos, conviene destacar en este volumen los siguientes art\u00edculos: <strong>\u00abAproximaci\u00f3n a los fundamentos del g\u00e9nero pastoril\u00bb<\/strong>, <strong>\u00abEsbozo hist\u00f3rico de los libros de pastores\u00bb<\/strong>, <strong>\u00abLa posible biblioteca de un autor de novela pastoril\u00bb<\/strong> y <strong>\u00abEn la imprenta de <em>La Galatea<\/em>\u00bb<\/strong>.<\/p>\n<p align=\"justify\">Los contenidos de este libro se revisaron a fondo en <em><a href=\"https:\/\/www.sadalone.org\/2023\/publicaciones\/soltadas-de-literatura-y-dos-2022\/\" target=\"_blank\" rel=\"noopener\">Soltadas [de literatura y&#8230;] Dos<\/a>,<\/em>\u00a0conteniendo este t\u00edtulo de 2022 la que habr\u00eda que reconocer como la versi\u00f3n definitiva de todos estos art\u00edculos.<\/p>\n<hr style=\"background-color: #000000;\" \/>\n<p><div><iframe loading=\"lazy\" class=\"embed-pdf-viewer\" src=\"https:\/\/www.sadalone.org\/2023\/biblioteca\/vsantanasanjurjo_el-genero-pastoril_NYPH_2011.pdf\" height=\"938\" width=\"100%\" title=\"Vsantanasanjurjo El Genero Pastoril NYPH 2011\"><\/iframe><\/p>\n<p><a href=\"https:\/\/www.sadalone.org\/2023\/biblioteca\/vsantanasanjurjo_el-genero-pastoril_NYPH_2011.pdf\" title=\"Vsantanasanjurjo El Genero Pastoril NYPH 2011\">Vsantanasanjurjo El Genero Pastoril NYPH 2011<\/a><\/p>\n<\/div>\n","protected":false},"excerpt":{"rendered":"<p>El g\u00e9nero pastoril a trav\u00e9s de\u00a0Ninfas y pastores de Henares de Bernardo Gonz\u00e1lez de Bobadilla Primera edici\u00f3n: octubre, 2011 Mercurio Editorial ISBN: 978-84-15148-62-3 \/ Dep\u00f3sito Legal: GC 521-2011 Bibliotecas: AccedaCRIS-ULPGC.ES. [&hellip;]<\/p>\n","protected":false},"author":1,"featured_media":0,"parent":86,"menu_order":0,"comment_status":"closed","ping_status":"closed","template":"","meta":{"_crdt_document":"","footnotes":""},"class_list":["post-207","page","type-page","status-publish","hentry"],"jetpack_sharing_enabled":true,"_links":{"self":[{"href":"https:\/\/www.sadalone.org\/2023\/wp-json\/wp\/v2\/pages\/207","targetHints":{"allow":["GET"]}}],"collection":[{"href":"https:\/\/www.sadalone.org\/2023\/wp-json\/wp\/v2\/pages"}],"about":[{"href":"https:\/\/www.sadalone.org\/2023\/wp-json\/wp\/v2\/types\/page"}],"author":[{"embeddable":true,"href":"https:\/\/www.sadalone.org\/2023\/wp-json\/wp\/v2\/users\/1"}],"replies":[{"embeddable":true,"href":"https:\/\/www.sadalone.org\/2023\/wp-json\/wp\/v2\/comments?post=207"}],"version-history":[{"count":3,"href":"https:\/\/www.sadalone.org\/2023\/wp-json\/wp\/v2\/pages\/207\/revisions"}],"predecessor-version":[{"id":456,"href":"https:\/\/www.sadalone.org\/2023\/wp-json\/wp\/v2\/pages\/207\/revisions\/456"}],"up":[{"embeddable":true,"href":"https:\/\/www.sadalone.org\/2023\/wp-json\/wp\/v2\/pages\/86"}],"wp:attachment":[{"href":"https:\/\/www.sadalone.org\/2023\/wp-json\/wp\/v2\/media?parent=207"}],"curies":[{"name":"wp","href":"https:\/\/api.w.org\/{rel}","templated":true}]}}